530?
5
What is the hundred thousands digit of 7526099?
5
What is the units digit of 34321796?
6
What is the thousands digit of 19285?
9
What is the units digit of 2917122?
2
What is the hundreds digit of 12774494?
4
What is the units digit of 13115802?
2
What is the hundreds digit of 3664766?
7
What is the ten thousands digit of 244282?
4
What is the ten thousands digit of 2937805?
3
What is the ten thousands digit of 510211?
1
What is the units digit of 372697?
7
What is the units digit of 2782122?
2
What is the hundreds digit of 21966808?
8
What is the units digit of 3142846?
6
What is the tens digit of 1354962?
6
What is the units digit of 84536?
6
What is the ten millions digit of 13496413?
1
What is the tens digit of 385283?
8
What is the thousands digit of 44834?
4
What is the ten thousands digit of 227891?
2
What is the ten millions digit of 19225689?
1
What is the hundred thousands digit of 1044152?
0
What is the thousands digit of 1715782?
5
What is the ten millions digit of 27179110?
2
What is the hundreds digit of 34784470?
4
What is the ten millions digit of 31859518?
3
What is the ten thousands digit of 614007?
1
What is the ten thousands digit of 2642996?
4
What is the hundred thousands digit of 4190197?
1
What is the hundred thousands digit of 17542249?
5
What is the ten thousands digit of 6776781?
7
What is the ten thousands digit of 4501025?
0
What is the ten thousands digit of 4904322?
0
What is the tens digit of 5875807?
0
What is the thousands digit of 175681?
5
What is the thousands digit of 8508495?
8
What is the ten thousands digit of 242975?
4
What is the thousands digit of 2131067?
1
What is the tens digit of 17553908?
0
What is the hundreds digit of 4083162?
1
What is the hundred thousands digit of 1439104?
4
What is the ten thousands digit of 247393?
4
What is the units digit of 445754?
4
What is the units digit of 221418?
8
What is the thousands digit of 362787?
2
What is the units digit of 1316603?
3
What is the tens digit of 17828004?
0
What is the hundred thousands digit of 5690506?
6
What is the hundreds digit of 636252?
2
What is the hundreds digit of 726283?
2
What is the millions digit of 2046138?
2
What is the ten thousands digit of 560056?
6
What is the millions digit of 21364183?
1
What is the tens digit of 371448?
4
What is the hundred thousands digit of 28232707?
2
What is the units digit of 19333?
3
What is the thousands digit of 3872516?
2
What is the units digit of 20841372?
2
What is the units digit of 576261?
1
What is the ten thousands digit of 1440376?
4
What is the hundred thousands digit of 3842540?
8
What is the tens digit of 167244?
4
What is the millions digit of 26590092?
6
What is the tens digit of 1567024?
2
What is the tens digit of 281343?
4
What is the ten thousands digit of 106441?
0
What is the units digit of 94928?
8
What is the tens digit of 130322?
2
What is the ten thousands digit of 11363730?
6
What is the hundreds digit of 1996744?
7
What is the units digit of 879975?
5
What is the hundreds digit of 286501?
5
What is the thousands digit of 1688908?
8
What is the hundred thousands digit of 128055?
1
What is the hundred thousands digit of 490831?
4
What is the hundred thousands digit of 300022?
3
What is the units digit of 20999?
9
What is the units digit of 1202344?
4
What is the ten thousands digit of 46985?
4
What is the ten thousands digit of 88514?
8
What is the ten thousands digit of 2098988?
9
What is the thousands digit of 1863119?
3
What is the units digit of 1755768?
8
What is the units digit of 1124306?
6
What is the millions digit of 7440183?
7
What is the ten thousands digit of 1713910?
1
What is the hundreds digit of 200239?
2
What is the ten millions digit of 14904014?
1
What is the thousands digit of 4411644?
1
What is the millions digit of 3029255?
3
What is the hundreds digit of 161788?
7
What is the ten thousands digit of 201793?
0
What is the ten thousands digit of 203080?
0
What is the thousands digit of 25521885?
1
What is the units digit of 3220766?
6
What is the thousands digit of 2321784?
1
What is the hundred thousands digit of 1729129?
7
What is the hundreds digit of 13945641?
6
What is the hundreds digit of 126668?
6
What is the units digit of 255134?
4
What is the hundreds digit of 52986?
9
What is the units digit of 7129462?
2
What is the ten thousands digit of 6411317?
1
What is the millions digit of 3610276?
3
What is the ten thousands digit of 260108?
6
What is the tens digit of 91305?
0
What is the millions digit of 8917178?
8
What is the thousands digit of 8431122?
1
What is the hundred thousands digit of 370377?
3
What is the hundred thousands digit of 221678?
2
What is the tens digit of 1036166?
6
What is the thousands digit of 997263?
7
What is the ten thousands digit of 41408?
4
What is the hundreds digit of 848199?
1
What is the millions digit of 6681821?
6
What is the ten thousands digit of 34394?
3
What is the hundreds digit of 250167?
1
What is the hundred thousands digit of 1127260?
1
What is the hundreds digit of 2057523?
5
What is the tens digit of 10344?
4
What is the thousands digit of 6774890?
4
What is the ten thousands digit of 3589718?
8
What is the ten thousands digit of 213696?
1
What is the ten thousands digit of 18840203?
4
What is the thousands digit of 9741252?
1
What is the thousands digit of 200285?
0
What is the tens digit of 578334?
3
What is the units digit of 331479?
9
What is the hundreds digit of 1285093?
0
What is the ten thousands digit of 4312711?
1
What is the millions digit of 12260747?
2
What is the hundred thousands digit of 24578926?
5
What is the hundred thousands digit of 9591689?
5
What is the hundreds digit of 62750?
7
What is the hundred thousands digit of 157667?
1
What is the units digit of 540061?
1
What is the units digit of 392204?
4
What is the thousands digit of 4225027?
5
What is the ten thousands digit of 366530?
6
What is the thousands digit of 131368?
1
What is the hundreds digit of 62720?
7
What is the hundred thousands digit of 1962214?
9
What is the tens digit of 1588791?
9
What is the millions digit of 4106479?
4
What is the units digit of 12531019?
9
What is the thousands digit of 526284?
6
What is the hundreds digit of 3548?
5
What is the hundred thousands digit of 18513862?
5
What is the tens digit of 38758?
5
What is the millions digit of 4394005?
4
What is the ten millions digit of 12171693?
1
What is the units digit of 731000?
0
What is the hundred thousands digit of 132996?
1
What is the units digit of 700277?
7
What is the millions digit of 20440935?
0
What is the hundred thousands digit of 6016215?
0
What is the hundreds digit of 160926?
9
What is the thousands digit of 1311597?
1
What is the hundred thousands digit of 398401?
3
What is the hundreds digit of 1111790?
7
What is the units digit of 794524?
4
What is the hundred thousands digit of 605932?
6
What is the hundred thousands digit of 2968975?
9
What is the millions digit of 9614747?
9
What is the ten thousands digit of 8863722?
6
What is the tens digit of 11213240?
4
What is the tens digit of 1611382?
8
What is the tens digit of 8645204?
0
What is the thousands digit of 14561280?
1
What is the tens digit of 296954?
5
What is the hundreds digit of 201521?
5
What is the tens digit of 14566490?
9
What is the hundred thousands digit of 294693?
2
What is the ten thousands digit of 4775185?
7
What is the thousands digit of 222875?
2
What is the hundred thousands digit of 628952?
6
What is the hundreds digit of 1389653?
6
What is the tens digit of 208287?
8
What is the thousands digit of 4752214?
2
What is the tens digit of 452091?
9
What is the units digit of 2881168?
8
What is the tens digit of 7467836?
3
What is the hundred thousands digit of 290598?
2
What is the tens digit of 14703542?
4
What is the hundred thousands digit of 1725966?
7
What is the thousands digit of 394264?
4
What is the tens digit of 6696174?
7
What is the tens digit of 635876?
7
What is the hundred thousands digit of 143941?
1
What is the tens digit of 2487298?
9
What is the hundred thousands digit of 1077648?
0
What is the hundreds digit of 168586?
5
What is the thousands digit of 231884?
1
What is the ten thousands digit of 1206914?
0
What is the 